
66
Let u(k) = -k**3 - 6*k**2 - 5*k - 7. Give u(-6).
23
Let n(k) = -k**2 + 5*k. Determine n(8).
-24
Let z(h) = -12*h**3 - 37*h**2 - 35*h + 1. Determine z(-1).
11
Let b(f) = 2*f**2 - 14*f + 15. What is b(5)?
-5
Let n(k) = -11*k - 4. Determine n(-1).
7
Let a(y) = 11*y - 58. Calculate a(6).
8
Let x(y) = -y**3 - 4*y**2 - 5*y - 5. Give x(-5).
45
Let t(n) = 13*n - 37. Determine t(0).
-37
Let h(t) = 5*t - 160. Give h(23).
-45
Let f(k) = -8*k + 66. Give f(12).
-30
Let j(f) = 9*f + 12. Calculate j(-2).
-6
Let j(s) = -s**3 + 8*s**2 - 7*s + 3. Calculate j(6).
33
Let s(h) = 37*h + 330. Determine s(-9).
-3
Let v(f) = -f**3 - 3*f**2 - 3*f - 1. What is v(3)?
-64
Let x(i) = -i**3 + 20*i**2 + 21*i - 2. Calculate x(21).
-2
Let w(c) = c**3 + 4*c**2 - 2*c + 5. Determine w(-4).
13
Let m(w) = 2*w - 2. Give m(3).
4
Let s(y) = y**2 + 5*y - 12. Determine s(-6).
-6
Let h(q) = 6*q - 5. Determine h(2).
7
Let o(v) = -v**2 - v + 3. Determine o(-3).
-3
Let l(z) = -z**2 + 38*z + 3. Determine l(39).
-36
Let n(x) = x**3 - 14*x**2 + 13*x + 1. Give n(13).
1
Let u(a) = 4*a**2 - 8*a + 11. Calculate u(2).
11
Let p(d) = 8*d**3 + 16*d**2 + 24*d + 1. Calculate p(-2).
-47
Let y(v) = -2*v**2 - 12*v. What is y(-11)?
-110
Let n(r) = 7*r**2 + 24*r - 29. Give n(-4).
-13
Let f(i) = i + 5. Calculate f(-7).
-2
Let y(o) = -o**3 - o**2 + 31*o + 2. Give y(-6).
-4
Let n(w) = -6*w**3 - 4*w**2 - w + 2. Determine n(-2).
36
Let n(x) = x**3 - 16*x**2 - 18*x + 24. Calculate n(17).
7
Let b(q) = -q**3 - 5*q**2 + 10*q + 13. Give b(-7).
41
Let t(s) = -s**2 + 11*s + 12. Calculate t(12).
0
Let l(a) = -9*a - 12. What is l(-2)?
6
Let o(g) = -12*g + 68. Calculate o(5).
8
Let p(l) = -l**3 + 7*l**2 - 4*l + 4. Give p(5).
34
Let i(m) = m**3 + 11*m**2 - m - 7. Calculate i(-11).
4
Let m(b) = b**2 - 19*b - 51. Give m(21).
-9
Let h(s) = s**3 + 4*s**2 + 3*s + 3. Determine h(-4).
-9
Let m(l) = l**3 + 8*l**2 - 8*l + 3. Determine m(-9).
-6
Let k(q) = 9*q + 2. Give k(3).
29
Let t(m) = -183*m + 906. Determine t(5).
-9
Let w(b) = -b**2 - 16*b - 43. What is w(-12)?
5
Let g(b) = -b**3 - 5*b**2 - 2*b + 4. What is g(-3)?
-8
Let o(x) = -20*x - 90. What is o(-6)?
30
Let m(h) = h**3 + 13*h**2 - 4*h + 14. Determine m(-14).
-126
Let w(i) = 31*i + 3. Calculate w(-3).
-90
Let a(h) = 5*h - 20. Give a(5).
5
Let j(y) = y**3 - 14*y**2 - 30*y - 36. What is j(16)?
-4
Let m(w) = -w**3 - 39*w**2 - 36*w + 60. Give m(-38).
-16
Let v(l) = l**2 + l - 30. Give v(-7).
12
Let n(c) = -c**2 + 2*c + 35. Calculate n(0).
35
Let n(k) = -k - 4. What is n(-3)?
-1
Let v(o) = o**3 - 17*o**2 + 13*o + 17. Give v(16).
-31
Let g(r) = 3*r - 18. What is g(10)?
12
Let q(z) = -21*z - 12. What is q(3)?
-75
Let k(y) = -5*y - 30. Determine k(-11).
25
Let b(r) = 6*r - 52. What is b(6)?
-16
Let r(c) = -2*c**2 + 2*c - 2. Calculate r(3).
-14
Let z(g) = -g + 13. Calculate z(13).
0
Let j(b) = -b + 13. What is j(10)?
3
Let t(a) = a + 5. Calculate t(23).
28
Let r(c) = -2*c**2 + 4*c - 8. What is r(1)?
-6
Let n(g) = -138*g + 842. What is n(6)?
14
Let d(k) = -k**2 + 4*k + 11. What is d(6)?
-1
Let q(c) = c**2 + 19*c - 19. Determine q(-20).
1
Let w(r) = -r**2 + 4*r + 95. Determine w(-8).
-1
Let j(w) = -w**3 + 7*w**2 - 10*w + 32. Calculate j(6).
8
Let f(j) = -4*j + 16. Calculate f(2).
8
Let k(y) = -4*y + 105. Determine k(24).
9
Let j(a) = a**3 + 9*a**2 + 3*a - 4. What is j(-7)?
73
Let s(x) = 4*x + 5. Give s(3).
17
Let z(r) = -3*r + 13. Determine z(10).
-17
Let y(c) = -69*c**2. Give y(1).
-69
Let c(u) = -7*u**2 + 2*u - 1. Determine c(-2).
-33
Let v(h) = -h**2 - 2*h - 1. Calculate v(-3).
-4
Let a(f) = f**3 - 4*f**2 + 10*f - 11. Calculate a(4).
29
Let m(y) = -y**3 + 9*y**2 + 9*y + 6. Determine m(10).
-4
Let t(l) = 2*l**3 - 4*l**2 + 3*l + 4. Calculate t(4).
80
Let y(j) = j**3 - 3*j**2 - j + 3. What is y(2)?
-3
Let l(n) = 7*n**3 + n**2 + n - 1. Calculate l(1).
8
Let u(s) = -36*s**2 + 4*s + 4. Determine u(-1).
-36
Let j(r) = -4*r - 1. Determine j(3).
-13
Let g(x) = -x**2 - 19*x - 17. Calculate g(-15).
43
Let c(y) = 2*y + 35. Determine c(-19).
-3
Let k(z) = -53*z - 2. Determine k(1).
-55
Let o(k) = -k**2 + 13*k - 15. Give o(12).
-3
Let j(k) = -13*k - 12. Determine j(-3).
27
Let g(x) = 9*x - 14. What is g(-6)?
-68
Let c(o) = -o**3 + 12*o**2 + 2*o - 15. Determine c(12).
9
Let b(j) = 2*j**2 + 7*j - 2. Calculate b(-6).
28
Let t(p) = p**3 - 2*p**2 + 10*p + 77. What is t(-4)?
-59
Let h(i) = i + 7. What is h(-7)?
0
Let u(k) = -4*k**2 - 3*k + 4. Determine u(1).
-3
Let j(s) = -s**2 + 33*s - 267. Calculate j(18).
3
Let g(r) = -r**2 - 14*r - 59. Calculate g(-8).
-11
Let g(h) = -29*h - 173. Calculate g(-6).
1
Let l(z) = z**3 + 13*z**2 + 15*z + 25. Give l(-12).
-11
Let p(d) = 3*d + 39. Determine p(-19).
-18
Let g(p) = p**3 + 6*p**2 + 12*p + 9. What is g(-4)?
-7
Let z(a) = -13*a - 38. What is z(-5)?
27
Let b(k) = -k**3 - 4*k**2 - k + 9. What is b(-3)?
3
Let v(f) = f**2 + 18*f - 549. What is v(16)?
-5
Let y(x) = -x**2 + 27*x + 133. Determine y(31).
9
Let g(q) = -q**3 + 7*q**2 - 2*q - 13. What is g(6)?
11
Let d(o) = o**3 + 4*o**2 - 2*o - 4. Give d(-3).
11
Let k(z) = z**3 + 7*z**2 + 12*z - 1. Calculate k(-2).
-5
Let q(s) = -s + 33. Give q(11).
22
Let h(i) = -24*i + 17. Determine h(0).
17
Let c(b) = -2*b**3 - 11*b**2 - 2*b - 11. Calculate c(-6).
37
Let l(q) = 3*q**2 + 5*q + 12. Determine l(-5).
62
Let p(o) = -o**3 + 9*o**2 - 2*o + 18. Determine p(9).
0
Let u(z) = -z**2 - 12*z + 33. Calculate u(-8).
65
Let t(s) = s**3 + 13*s**2 - 30*s - 11. Calculate t(-15).
-11
Let k(u) = -u**3 + 7*u**2 + u - 5. Give k(7).
2
Let z(d) = -d**3 + 3*d**2 - 8*d + 35. Determine z(4).
-13
Let x(o) = -o**2 + 5*o - 4. What is x(3)?
2
Let h(k) = -k**2 + 50*k - 227. Give h(5).
-2
Let s(a) = a**2 - 2*a - 6. Give s(0).
-6
Let o(k) = -k**2 - 10*k - 27. Determine o(-12).
-51
Let a(l) = 37*l**3 - 3*l**2 + 2*l - 1. What is a(1)?
35
Let y(f) = -f**3 - 7*f**2 - 2*f - 16. Give y(-6).
-40
Let u(d) = 93*d + 367. What is u(-4)?
-5
Let t(p) = 2*p - 14. What is t(9)?
4
Let b(c) = -c**3 + 6*c**2 - 9*c + 1. Determine b(4).
-3
Let t(k) = k**2 + k - 2. Calculate t(4).
18
Let a(b) = -b**3 + 15*b**2 - 13*b - 11. What is a(14)?
3
Let y(m) = m**2 + m - 3. What is y(4)?
17
Let t(a) = a + 33. What is t(-27)?
6
Let q(m) = m**2 + 33*m + 159. What is q(-5)?
19
Let v(y) = -y**3 + 17*y**2 + 2*y - 28. Give v(17).
6
Let u(q) = -q**3 + 10*q**2 + 12*q - 24. What is u(10)?
96
Let p(c) = -2*c**2 - 10*c - 5. Calculate p(-4).
3
Let i(h) = -6*h + 23. Calculate i(0).
23
Let o(g) = 3*g**2 + 49*g + 179. What is o(-11)?
3
Let y(m) = m**2 + 10*m + 31. Determine y(-5).
6
Let u(k) = k**2 - 7*k - 3. What is u(5)?
-13
Let m(t) = 4*t**2 + 3*t + 2. Calculate m(-2).
12
Let n(a) = -13*a**3 + 9*a**2 - a - 6. Calculate n(1).
-11
Let m(z) = -2*z**3 + 18*z**2 + 21*z - 8. Calculate m(10).
2
Let z(o) = 3*o**3 - 134*o**2 - 45*o. Determine z(45).
0
Let y(u) = -2*u**2 + 46*u - 5. Calculate y(23).
-5
Let b(c) = -c**3 + 4*c**2 + c - 3. What is b(3)?
9
Let y(b) = b**3 - 7*b**2 + b - 12. Give y(7).
-5
Let o(f) = f - 36. Calculate o(24).
-12
Let b(t) = 2*t**2 + 8*t - 4. Determine b(-5).
6
Let r(z) = -z**3 - 9*z**2 + 13*z + 14. Calculate r(-10).
-16
Let i(l) = -18*l + 135. Calculate i(8).
-9
Let f(o) = -2*o**3 - 41*o**2 - 57*o + 13. Give f(-19).
13
Let y(o) = -o**2 - 38*o - 277. Calculate y(-10).
3
Let k(c) = c**2 - 5. Give k(-5).
20
Let k(j) = 7*j - 42. Calculate k(8).
14
Let k(x) = x**2 + 3*x + 3. What is k(2)?
13
Let f(l) = -l**3 - 5*l**2 + l - 1. Determine f(-5).
-6
Let p(t) = t**3 + 2*t**2 + 4*t + 3. Determine p(-4).
-45
Let c(z) = -2*z**2 + 87*z - 114. Determine c(42).
12
Let v(m) = 3*m**3 - 2*m**2 + 2. Calculate v(-3).
-97
Let y(v) = -v**3 - 12*v**2 + 13*v. Give y(-13).
0
Let b(o) = -o - 3. Calculate b(-8).
5
Let a(s) = -5*s. Give a(2).
-10
Let w(a) = a**3 - 2*a**2 + 149. What is w(0)?
149
Let f(n) = -n**3 - 6*n**2 + 5*n + 4. Determine f(-7).
18
Let j(n) = -n**3 - 26*n**2 + n + 20. What is j(-26)?
-6
Let r(k) = 45*k. What is r(-1)?
-45
Let l(s) = s - 3. What is l(-2)?
-5
Let d(k) = k**3 - 6*k**2 + 9*k - 8. Determine d(2).
-6
Let m(z) = -3*z + 1. Determine m(4).
-11
Let g(k) = -2*k**2 + 2*k - 6. What is g(2)?
-10
Let p(m) = m**2 + m - 10. Give p(-5).
10
Let z(y) = y**2 - 16*y + 19. Determine z(13).
-20
Let n(k) = -13*k - 132. Give n(-10).
-2
Let i(r) = 2*r**3 + 6*r**2 - 13*r - 28. What is i(-